 be the second derivative of -o**5/20 - 2*o**4/3 - 5*o**3/6 - 9*o**2/2 + 19*o. What is the remainder when q(d) is divided by 8?
7
Suppose -4*n = -12, 0*n - 4*n = 3*i + 6. What is the remainder when 7 is divided by (-88)/(-33)*i/(-4)?
3
Suppose -2*b + 16 = -i, i + i - b + 32 = 0. Let l be i/(-6) - 2/(-6). Let q(n) = n**3 - n**2 + 4*n - 3. Calculate the remainder when q(l) is divided by 14.
13
Let c = 71 + 24. Let q = 132 - c. Calculate the remainder when 145 is divided by q.
34
Suppose 95 = 2*l - 209. Suppose -4*v + l + 124 = 0. Calculate the remainder when v is divided by 18.
15
Let q be (3 + 33/(-9))*(-489)/2. Let x = -141 + q. What is the remainder when 41 is divided by x?
19
Calculate the remainder when 5/(-2)*((-1894)/10 - 11) is divided by 28.
25
Let q = 91 - -2. Suppose 0 = o - 2, 9*y - q = 4*y - 4*o. Calculate the remainder when ((-1 + -1)*-24)/1 is divided by y.
14
Suppose -22*z + 10 = -20*z. Let i = -10 + -2. What is the remainder when (-3)/i - (-31)/4 is divided by z?
3
Let w(u) = -u**3 - 33*u**2 - 38*u - 140. Calculate the remainder when 100 is divided by w(-32).
48
Suppose -37*f + 3551 = 16*f. Calculate the remainder when 331 is divided by f.
63
Suppose -56 = 6*p - 10*p. Let m(h) = h + 15. What is the remainder when 4320/112 + 6/p is divided by m(-5)?
9
Calculate the remainder when (-2)/15 + 9642/90 is divided by 22.
19
What is the remainder when 102 is divided by (-120)/(-4) + 18/(3/(-1))?
6
Let v(w) = -w**3 - 2*w**2 + w + 8. Let b be (-8 - 28/4)*4/10. Calculate the remainder when v(b) is divided by 38.
32
Let g = 741 + -486. What is the remainder when g is divided by 32?
31
What is the remainder when 23/(-138) + 4539/18 is divided by 23?
22
Suppose 0 = -4*o - 5*t + 1053, 482*o = 479*o - 2*t + 781. What is the remainder when o is divided by 127?
3
Let h(v) = -v - 6. Let u be h(6). Suppose -443 + 182 = -9*p. Let d = u + p. What is the remainder when 49 is divided by d?
15
Let h = -52 + 104. Calculate the remainder when h is divided by 6/4*528/72.
8
Let a be 1/(-4)*1 - (-306)/8. Suppose -3*t + 31 = -m + 2*m, -a = -2*m + 2*t. Let j = 110 + -69. Calculate the remainder when j is divided by m.
19
Let p = 43 - 18. Let a(t) be the third derivative of -t**5/60 - 17*t**4/24 - 7*t**3/2 - t**2. Calculate the remainder when p is divided by a(-15).
7
Suppose 0*x - 2*x + 4*l - 10 = 0, 4*x - 2*l = 4. Let f = 32 - 16. What is the remainder when f is divided by x?
1
Let r be (0/(0 - -4))/(-1). Let s(y) = 2*y + 18 - 2*y**2 + 2*y**2 - y**2. Calculate the remainder when 69 is divided by s(r).
15
What is the remainder when (14/(-4))/(8/128*-4) is divided by 9?
5
Let s = 204 - 164. What is the remainder when 134 is divided by s?
14
Suppose -38 + 124 = 2*d. Let x be -1*(-12)/(-1)*(-33)/(-12). Let b = x + d. Calculate the remainder when b is divided by 6.
4
Suppose 20 = -6*b + 68. What is the remainder when (-10)/(20/(-6) + 3) is divided by b?
6
Suppose 2*p - f - 3*f = 170, p - 5*f = 100. Calculate the remainder when ((-4)/((-4)/(-11)))/(-1) is divided by (4/(-10))/((-5)/p).
5
Suppose -21*g + 130 = -143. Suppose -3*y - 2*b = -110, 106 = 3*y - 0*y - 2*b. Calculate the remainder when y is divided by g.
10
Suppose 6*r - 8 = 2*r. Suppose -6*d - r = -44. What is the remainder when 34 is divided by d?
6
Let d = 2380 - 939. What is the remainder when d is divided by 19?
16
Suppose 5*i - o - 335 = -4*o, 212 = 3*i + 4*o. Suppose 227*d - 226*d = 22. What is the remainder when i is divided by d?
20
Suppose -5*r - 11 = s - 0*s, 4*s - 44 = 2*r. Calculate the remainder when -5*(310/(-25) + 2) is divided by s.
7
Calculate the remainder when (430 - -4)*(0 + 2) + 1 is divided by 58.
57
Let y = 7 + -3. Suppose -37*m + 35*m = -y. Suppose 20 = 4*b - 0*b. Calculate the remainder when b is divided by m.
1
Let v = 272 + -154. What is the remainder when v is divided by 15?
13
What is the remainder when -10 - -7 - (-33 + -1) is divided by 18?
13
Let l = -238 + 275. What is the remainder when 109 is divided by l?
35
Let r = 53 - 44. Let d = r + 13. Suppose 5*s + 0*s - 215 = 0. Calculate the remainder when s is divided by d.
21
Let g = 268 - 252. What is the remainder when 382 is divided by g?
14
Let k = -9 + 21. Let l(a) = a**3 + 8*a**2 - 6. What is the remainder when l(-4) is divided by k?
10
Let q(o) = -10*o - 2. Let d be q(-1). Suppose -62 = -5*z + 3*r, -4*z + 28 = r - d. Calculate the remainder when 21 is divided by z.
1
Suppose -p = p + 3*c - 31, 4*p + c = 37. Suppose -p*w = -6*w - 8. Suppose d = -2*d - 3*i + 6, -w*i = -4*d + 32. What is the remainder when d is divided by 3?
2
Let l be 2/((0 - -2)/2). Suppose 0*j - l*j = -68. What is the remainder when j is divided by 12/(-30) - 310/(-25)?
10
What is the remainder when 131 is divided by 5/(-5) + -5 + 22 + -4?
11
Let y(z) = 3 + 6 + 35 - 6*z + 13. What is the remainder when y(0) is divided by 16?
9
What is the remainder when (2*5/25)/(1/85) is divided by 10?
4
Suppose -8*h + 3*h + 240 = 0. Suppose -6*w + 18*w = 168. Calculate the remainder when h is divided by w.
6
Calculate the remainder when 9 is divided by -3*10/(-50) - 27/(-5).
3
Suppose 2*r = 3*i - 27, -17 = -2*i - 0*i + r. What is the remainder when 34 is divided by i?
6
Suppose 3*u = 2*v - 4*v + 70, -3*u - 176 = -4*v. Calculate the remainder when 1475 is divided by v.
40
Let g = -15 - -114. Suppose 2*u - 25 - 20 = d, u - d - 20 = 0. Calculate the remainder when g is divided by u.
24
Suppose 84*j - 11220 = 29*j. Calculate the remainder when j is divided by 67.
3
Suppose -15 = -4*i - a - 3, 2*i + 5*a - 24 = 0. Suppose i*h + 3*z - 92 = -z, 262 = 5*h + 2*z. What is the remainder when h is divided by 7?
5
Suppose -10*d - 215 = -15*d. Suppose 3*b = 34 + 2. What is the remainder when d is divided by b?
7
What is the remainder when 48 is divided by -5 - (8 - 9/3 - 39)?
19
Let n(d) = 2*d**2 + 5*d + 4. Let v(f) = -f**3 + 10*f**2 - 20*f + 12. Calculate the remainder when n(6) is divided by v(6).
34
Suppose -121*i = -113*i - 1824. Calculate the remainder when i is divided by 11.
8
Let k be (-30)/45 - 28/12. Let o be 3/2*24/(-2). Calculate the remainder when 7/k*o/3 is divided by 5.
4
Let w = 130 + -114. What is the remainder when 31 is divided by w?
15
Suppose -6*q + 7*q = 2*l - 13, 35 = 4*l - 5*q. Calculate the remainder when -7*(20/7)/(-2) is divided by l.
0
Let n(a) = a - 1. Let t(c) = 16*c - 8. Let s(d) = 28*n(d) - 4*t(d). What is the remainder when s(-4) is divided by 30?
28
Let l(w) = -w**3 - 3*w**2 - 2*w. Let j be l(-2). Let r = 9 - j. Let u = r - 4. What is the remainder when u is divided by 4?
1
Suppose 154 = -8*s + 442. Calculate the remainder when 359 is divided by s.
35
Suppose -5*w + 142 + 88 = 0. Suppose 3*i + 4*t - w = 0, -3*t = -3*i - i + 103. What is the remainder when 84 is divided by i?
18
Let w(n) = 3*n**3 - 4*n**2 + 2*n - 3. Let l be w(3). What is the remainder when 187 is divided by 16/l - 140/(-3)?
46
Suppose -5*a + h + 8 = 4*h, h - 4 = -2*a. Let w(p) = 32*p + 2. Suppose 0 = 30*r - 38*r + 264. What is the remainder when w(a) is divided by r?
31
Let g be ((-5)/2)/((-2)/(-12)). Let n be 22 - (-2 + (4 - -1)). Let w = n + g. What is the remainder when w is divided by 2?
0
Let n = -29 + 34. Suppose -10*b + n = -5*b. Calculate the remainder when 3 is divided by b.
0
Suppose 720 = 4*a - 10*a. What is the remainder when (10/8)/((-5)/a) is divided by 11?
8
Let j(p) be the third derivative of p**6/120 + p**5/6 - p**4/12 - 5*p**3/3 + 2*p**2. What is the remainder when j(-9) is divided by 30?
29
Suppose -b + 15 + 2 = -4*c, -3*b + 3*c = -87. What is the remainder when 96 is divided by b?
30
Suppose 7*v - 3*v = 32. Suppose a - v = -a. Suppose -63 = -4*j + 3*g, -2*j + 3*g - 27 = -a*j. What is the remainder when 29 is divided by j?
14
Suppose -o = -12 + 8. Suppose 0 = -4*h - o*s + 600, -3*h + 639 - 185 = 4*s. What is the remainder when h is divided by 37?
35
Suppose -3*q - 15 + 21 = 0. Suppose 2*f = 2*z + z - 90, 0 = q*z - 4*f - 52. What is the remainder when z is divided by 9?
5
Let j(c) = -3*c**2 + 2*c + 4. Let w be j(3). Let b = w - -20. Suppose 0 = 3*z - 12 + b. Calculate the remainder when 6 is divided by z.
0
Suppose -2*h = -d + 3*h + 78, -4*h = 0. What is the remainder when d is divided by (2*-8)/(15 - 31 - -15)?
14
Let f = -67 - -39. Let z = f + 50. Calculate th